{"id":173,"date":"2016-06-02T04:57:50","date_gmt":"2016-06-02T04:57:50","guid":{"rendered":"http:\/\/barker.edu.ar\/web2\/?page_id=173"},"modified":"2017-04-28T20:28:17","modified_gmt":"2017-04-28T23:28:17","slug":"old-barkonian-association","status":"publish","type":"page","link":"http:\/\/barker.edu.ar\/web2\/old-barkonian-association\/","title":{"rendered":"Old Barkonian Association"},"content":{"rendered":"[mk_page_section bg_position=&#8221;center center&#8221; bg_stretch=&#8221;true&#8221; full_width=&#8221;true&#8221; padding_top=&#8221;50&#8243; padding_bottom=&#8221;0&#8243; sidebar=&#8221;sidebar-1&#8243; first_page=&#8221;true&#8221; last_page=&#8221;true&#8221;][vc_column][vc_column_text align=&#8221;center&#8221; animation=&#8221;fade-in&#8221; el_class=&#8221;oba&#8221;]\n<h1 style=\"text-align: center; font-family: esmeraldapro; font-size: 2.8rem; font-weight: 100; color: #000; line-height: 130%; margin-top: 0px; font-variant-ligatures: none;\">OLD BARKONIAN ASSOCIATION<\/h1>\n[\/vc_column_text][mk_image src=&#8221;http:\/\/barker.edu.ar\/web2\/wp-content\/uploads\/2016\/08\/linea_40x5px.png&#8221; group=&#8221;_general&#8221; align=&#8221;center&#8221; animation=&#8221;left-to-right&#8221; crop=&#8221;false&#8221;][\/vc_column][\/mk_page_section][mk_page_section bg_stretch=&#8221;true&#8221; video_loop=&#8221;false&#8221; full_width=&#8221;true&#8221; padding_top=&#8221;0&#8243; padding_bottom=&#8221;0&#8243; sidebar=&#8221;sidebar-1&#8243; first_page=&#8221;true&#8221; last_page=&#8221;true&#8221;][vc_column width=&#8221;1\/4&#8243;][\/vc_column][vc_column width=&#8221;1\/2&#8243;][mk_padding_divider size=&#8221;50&#8243;][vc_column_text animation=&#8221;bottom-to-top&#8221;]\n<p style=\"text-align: left; font-family: franklinbook; font-size: 1rem; font-weight: 100; color: #d09b2c; line-height: 140%; margin-top: 0px; letter-spacing: 0;\">La Asociaci\u00f3n de Ex-Alumnos del Colegio Barker (Old Barkonian Association) fue fundada por diez egresadas, en la noche del 30 de junio de 1926, durante una cena que tuvo lugar en el Barker Memorial Hall. Mrs Cleaver, quien fuera la Directora General en aquel entonces, presidi\u00f3 la reuni\u00f3n inaugural y apoy\u00f3 con entusiasmo la iniciativa.<\/p>\n<p style=\"text-align: left; font-family: franklinbook; font-size: 1rem; font-weight: 100; color: #000; line-height: 140%; margin-top: 0px; letter-spacing: 0;\">Muchos a\u00f1os despu\u00e9s, seguimos firmes en nuestro compromiso de sostener los valores de nuestro Alma Mater, Barker College, para nosotros y para las generaciones futuras, aspiramos a fortalecer los lazos entre Old Barkonians, extendiendo dichos valores a la comunidad, con la convicci\u00f3n de que este v\u00ednculo es la columna vertebral de nuestra instituci\u00f3n.<\/p>\n[\/vc_column_text][mk_padding_divider size=&#8221;50&#8243;][\/vc_column][vc_column width=&#8221;1\/4&#8243;][\/vc_column][\/mk_page_section][mk_page_section bg_image=&#8221;http:\/\/barker.edu.ar\/web2\/wp-content\/uploads\/2016\/06\/oba_1.png&#8221; attachment=&#8221;fixed&#8221; bg_position=&#8221;center center&#8221; bg_stretch=&#8221;true&#8221; video_loop=&#8221;false&#8221; video_color_mask=&#8221;rgba(0,0,0,0.8)&#8221; min_height=&#8221;300&#8243; full_width=&#8221;true&#8221; padding_top=&#8221;0&#8243; padding_bottom=&#8221;0&#8243; sidebar=&#8221;sidebar-1&#8243; first_page=&#8221;true&#8221; last_page=&#8221;true&#8221;][vc_column][vc_column_text]\n<h1 style=\"text-align: center; font-family: esmeraldapro; font-size: 2.8rem; font-weight: 100; color: #fff; line-height: 130%; margin-top: 70px;\">THE BOOK<\/h1>\n<p style=\"text-align: center; font-family: franklinbook; font-size: 1rem; font-weight: 100; color: #fff; line-height: 140%; margin-top: 30px; margin-bottom: 30px; letter-spacing: 0;\">A HISTORY OF BARKER<\/p>\n<p><center><img src=\"http:\/\/barker.edu.ar\/web2\/wp-content\/uploads\/2016\/08\/linea_40x5px.png\" alt=\"\" \/><\/center>[\/vc_column_text][\/vc_column][\/mk_page_section][mk_page_section bg_position=&#8221;center center&#8221; bg_stretch=&#8221;true&#8221; video_loop=&#8221;false&#8221; full_width=&#8221;true&#8221; padding_top=&#8221;50&#8243; padding_bottom=&#8221;50&#8243; sidebar=&#8221;sidebar-1&#8243; first_page=&#8221;true&#8221; last_page=&#8221;true&#8221;][vc_column][mk_padding_divider size=&#8221;20&#8243;][mk_image src=&#8221;http:\/\/barker.edu.ar\/web2\/wp-content\/uploads\/2016\/06\/libro_200px.png&#8221; group=&#8221;_general&#8221; align=&#8221;center&#8221; margin_bottom=&#8221;30&#8243; animation=&#8221;left-to-right&#8221; crop=&#8221;false&#8221;][vc_column_text]\n<h1 style=\"text-align: center; font-family: esmeraldapro; font-size: 2rem; font-weight: 100; color: #000; line-height: 130%; margin-top: 0px;\">\u00bfTODAV\u00cdA NO TEN\u00c9S TU EJEMPLAR?<\/h1>\n<p><center><img src=\"http:\/\/barker.edu.ar\/web2\/wp-content\/uploads\/2016\/08\/linea_40x5px.png\" alt=\"\" \/><\/center><\/p>\n<p style=\"text-align: center; font-family: franklinbook; font-size: 1rem; font-weight: 100; color: #000; line-height: 140%; margin-top: 0px; letter-spacing: 0;\">Escribinos a <a href=\"mailto:OBA.oldbarkonian@gmail.com\">OBA.oldbarkonian@gmail.com<\/a><\/p>\n[\/vc_column_text][mk_padding_divider size=&#8221;50&#8243;][\/vc_column][\/mk_page_section][mk_page_section bg_position=&#8221;center center&#8221; bg_stretch=&#8221;true&#8221; full_width=&#8221;true&#8221; padding_top=&#8221;50&#8243; padding_bottom=&#8221;0&#8243; margin_bottom=&#8221;50&#8243; animation=&#8221;fade-in&#8221; sidebar=&#8221;sidebar-1&#8243; first_page=&#8221;true&#8221; last_page=&#8221;true&#8221;][vc_column][mk_clients style=&#8221;column&#8221; column=&#8221;6&#8243; count=&#8221;6&#8243; margin_bottom=&#8221;50&#8243; clients=&#8221;2323,2315,2331,2335,2319,2327&#8243;][\/vc_column][\/mk_page_section]\n","protected":false},"excerpt":{"rendered":"<p>[mk_page_section bg_position=&#8221;center center&#8221; bg_stretch=&#8221;true&#8221; full_width=&#8221;true&#8221; padding_top=&#8221;50&#8243; padding_bottom=&#8221;0&#8243; sidebar=&#8221;sidebar-1&#8243; first_page=&#8221;true&#8221; last_page=&#8221;true&#8221;][vc_column][vc_column_text align=&#8221;center&#8221; animation=&#8221;fade-in&#8221; el_class=&#8221;oba&#8221;] OLD BARKONIAN ASSOCIATION [\/vc_column_text][mk_image src=&#8221;http:\/\/barker.edu.ar\/web2\/wp-content\/uploads\/2016\/08\/linea_40x5px.png&#8221; group=&#8221;_general&#8221; align=&#8221;center&#8221; animation=&#8221;left-to-right&#8221; crop=&#8221;false&#8221;][\/vc_column][\/mk_page_section][mk_page_section bg_stretch=&#8221;true&#8221; video_loop=&#8221;false&#8221; full_width=&#8221;true&#8221; padding_top=&#8221;0&#8243; padding_bottom=&#8221;0&#8243; sidebar=&#8221;sidebar-1&#8243; first_page=&#8221;true&#8221; last_page=&#8221;true&#8221;][vc_column width=&#8221;1\/4&#8243;][\/vc_column][vc_column width=&#8221;1\/2&#8243;][mk_padding_divider size=&#8221;50&#8243;][vc_column_text animation=&#8221;bottom-to-top&#8221;] La Asociaci\u00f3n de Ex-Alumnos del Colegio Barker (Old Barkonian Association) fue fundada por diez egresadas, en la noche del 30 de [&hellip;]<\/p>\n","protected":false},"author":2,"featured_media":0,"parent":0,"menu_order":0,"comment_status":"closed","ping_status":"closed","template":"","meta":{"_links_to":"","_links_to_target":""},"_links":{"self":[{"href":"http:\/\/barker.edu.ar\/web2\/wp-json\/wp\/v2\/pages\/173"}],"collection":[{"href":"http:\/\/barker.edu.ar\/web2\/wp-json\/wp\/v2\/pages"}],"about":[{"href":"http:\/\/barker.edu.ar\/web2\/wp-json\/wp\/v2\/types\/page"}],"author":[{"embeddable":true,"href":"http:\/\/barker.edu.ar\/web2\/wp-json\/wp\/v2\/users\/2"}],"replies":[{"embeddable":true,"href":"http:\/\/barker.edu.ar\/web2\/wp-json\/wp\/v2\/comments?post=173"}],"version-history":[{"count":21,"href":"http:\/\/barker.edu.ar\/web2\/wp-json\/wp\/v2\/pages\/173\/revisions"}],"predecessor-version":[{"id":3428,"href":"http:\/\/barker.edu.ar\/web2\/wp-json\/wp\/v2\/pages\/173\/revisions\/3428"}],"wp:attachment":[{"href":"http:\/\/barker.edu.ar\/web2\/wp-json\/wp\/v2\/media?parent=173"}],"curies":[{"name":"wp","href":"https:\/\/api.w.org\/{rel}","templated":true}]}}

[mk_page_section bg_position=&#8221;center center&#8221; bg_stretch=&#8221;true&#8221; full_width=&#8221;true&#8221; padding_top=&#8221;50&#8243; padding_bottom=&#8221;0&#8243; sidebar=&#8221;sidebar-1&#8243; first_page=&#8221;true&#8221; last_page=&#8221;true&#8221;][vc_column][vc_column_text align=&#8221;center&#8221; animation=&#8221;fade-in&#8221; el_class=&#8221;oba&#8221;]
<h1 style="text-align: center; font-family: esmeraldapro; font-size: 2.8rem; font-weight: 100; color: #000; line-height: 130%; margin-top: 0px; font-variant-ligatures: none;">OLD BARKONIAN ASSOCIATION</h1>
[/vc_column_text][mk_image src=&#8221;http://barker.edu.ar/web2/wp-content/uploads/2016/08/linea_40x5px.png&#8221; group=&#8221;_general&#8221; align=&#8221;center&#8221; animation=&#8221;left-to-right&#8221; crop=&#8221;false&#8221;][/vc_column][/mk_page_section][mk_page_section bg_stretch=&#8221;true&#8221; video_loop=&#8221;false&#8221; full_width=&#8221;true&#8221; padding_top=&#8221;0&#8243; padding_bottom=&#8221;0&#8243; sidebar=&#8221;sidebar-1&#8243; first_page=&#8221;true&#8221; last_page=&#8221;true&#8221;][vc_column width=&#8221;1/4&#8243;][/vc_column][vc_column width=&#8221;1/2&#8243;][mk_padding_divider size=&#8221;50&#8243;][vc_column_text animation=&#8221;bottom-to-top&#8221;]
<p style="text-align: left; font-family: franklinbook; font-size: 1rem; font-weight: 100; color: #d09b2c; line-height: 140%; margin-top: 0px; letter-spacing: 0;">La Asociación de Ex-Alumnos del Colegio Barker (Old Barkonian Association) fue fundada por diez egresadas, en la noche del 30 de junio de 1926, durante una cena que tuvo lugar en el Barker Memorial Hall. Mrs Cleaver, quien fuera la Directora General en aquel entonces, presidió la reunión inaugural y apoyó con entusiasmo la iniciativa.</p>
<p style="text-align: left; font-family: franklinbook; font-size: 1rem; font-weight: 100; color: #000; line-height: 140%; margin-top: 0px; letter-spacing: 0;">Muchos años después, seguimos firmes en nuestro compromiso de sostener los valores de nuestro Alma Mater, Barker College, para nosotros y para las generaciones futuras, aspiramos a fortalecer los lazos entre Old Barkonians, extendiendo dichos valores a la comunidad, con la convicción de que este vínculo es la columna vertebral de nuestra institución.</p>
[/vc_column_text][mk_padding_divider size=&#8221;50&#8243;][/vc_column][vc_column width=&#8221;1/4&#8243;][/vc_column][/mk_page_section][mk_page_section bg_image=&#8221;http://barker.edu.ar/web2/wp-content/uploads/2016/06/oba_1.png&#8221; attachment=&#8221;fixed&#8221; bg_position=&#8221;center center&#8221; bg_stretch=&#8221;true&#8221; video_loop=&#8221;false&#8221; video_color_mask=&#8221;rgba(0,0,0,0.8)&#8221; min_height=&#8221;300&#8243; full_width=&#8221;true&#8221; padding_top=&#8221;0&#8243; padding_bottom=&#8221;0&#8243; sidebar=&#8221;sidebar-1&#8243; first_page=&#8221;true&#8221; last_page=&#8221;true&#8221;][vc_column][vc_column_text]
<h1 style="text-align: center; font-family: esmeraldapro; font-size: 2.8rem; font-weight: 100; color: #fff; line-height: 130%; margin-top: 70px;">THE BOOK</h1>
<p style="text-align: center; font-family: franklinbook; font-size: 1rem; font-weight: 100; color: #fff; line-height: 140%; margin-top: 30px; margin-bottom: 30px; letter-spacing: 0;">A HISTORY OF BARKER</p>
<p><center><img src="http://barker.edu.ar/web2/wp-content/uploads/2016/08/linea_40x5px.png" alt="" /></center>[/vc_column_text][/vc_column][/mk_page_section][mk_page_section bg_position=&#8221;center center&#8221; bg_stretch=&#8221;true&#8221; video_loop=&#8221;false&#8221; full_width=&#8221;true&#8221; padding_top=&#8221;50&#8243; padding_bottom=&#8221;50&#8243; sidebar=&#8221;sidebar-1&#8243; first_page=&#8221;true&#8221; last_page=&#8221;true&#8221;][vc_column][mk_padding_divider size=&#8221;20&#8243;][mk_image src=&#8221;http://barker.edu.ar/web2/wp-content/uploads/2016/06/libro_200px.png&#8221; group=&#8221;_general&#8221; align=&#8221;center&#8221; margin_bottom=&#8221;30&#8243; animation=&#8221;left-to-right&#8221; crop=&#8221;false&#8221;][vc_column_text]
<h1 style="text-align: center; font-family: esmeraldapro; font-size: 2rem; font-weight: 100; color: #000; line-height: 130%; margin-top: 0px;">¿TODAVÍA NO TENÉS TU EJEMPLAR?</h1>
<p><center><img src="http://barker.edu.ar/web2/wp-content/uploads/2016/08/linea_40x5px.png" alt="" /></center></p>
<p style="text-align: center; font-family: franklinbook; font-size: 1rem; font-weight: 100; color: #000; line-height: 140%; margin-top: 0px; letter-spacing: 0;">Escribinos a <a href="mailto:OBA.oldbarkonian@gmail.com">OBA.oldbarkonian@gmail.com</a></p>
[/vc_column_text][mk_padding_divider size=&#8221;50&#8243;][/vc_column][/mk_page_section][mk_page_section bg_position=&#8221;center center&#8221; bg_stretch=&#8221;true&#8221; full_width=&#8221;true&#8221; padding_top=&#8221;50&#8243; padding_bottom=&#8221;0&#8243; margin_bottom=&#8221;50&#8243; animation=&#8221;fade-in&#8221; sidebar=&#8221;sidebar-1&#8243; first_page=&#8221;true&#8221; last_page=&#8221;true&#8221;][vc_column][mk_clients style=&#8221;column&#8221; column=&#8221;6&#8243; count=&#8221;6&#8243; margin_bottom=&#8221;50&#8243; clients=&#8221;2323,2315,2331,2335,2319,2327&#8243;][/vc_column][/mk_page_section]

<p>[mk_page_section bg_position=&#8221;center center&#8221; bg_stretch=&#8221;true&#8221; full_width=&#8221;true&#8221; padding_top=&#8221;50&#8243; padding_bottom=&#8221;0&#8243; sidebar=&#8221;sidebar-1&#8243; first_page=&#8221;true&#8221; last_page=&#8221;true&#8221;][vc_column][vc_column_text align=&#8221;center&#8221; animation=&#8221;fade-in&#8221; el_class=&#8221;oba&#8221;] OLD BARKONIAN ASSOCIATION [/vc_column_text][mk_image src=&#8221;http://barker.edu.ar/web2/wp-content/uploads/2016/08/linea_40x5px.png&#8221; group=&#8221;_general&#8221; align=&#8221;center&#8221; animation=&#8221;left-to-right&#8221; crop=&#8221;false&#8221;][/vc_column][/mk_page_section][mk_page_section bg_stretch=&#8221;true&#8221; video_loop=&#8221;false&#8221; full_width=&#8221;true&#8221; padding_top=&#8221;0&#8243; padding_bottom=&#8221;0&#8243; sidebar=&#8221;sidebar-1&#8243; first_page=&#8221;true&#8221; last_page=&#8221;true&#8221;][vc_column width=&#8221;1/4&#8243;][/vc_column][vc_column width=&#8221;1/2&#8243;][mk_padding_divider size=&#8221;50&#8243;][vc_column_text animation=&#8221;bottom-to-top&#8221;] La Asociación de Ex-Alumnos del Colegio Barker (Old Barkonian Association) fue fundada por diez egresadas, en la noche del 30 de [&hellip;]</p>
