{"id":59,"date":"2016-06-02T04:47:06","date_gmt":"2016-06-02T04:47:06","guid":{"rendered":"http:\/\/barker.edu.ar\/web2\/?page_id=59"},"modified":"2017-01-18T14:24:31","modified_gmt":"2017-01-18T17:24:31","slug":"carta-del-director-general","status":"publish","type":"page","link":"http:\/\/barker.edu.ar\/web2\/carta-del-director-general\/","title":{"rendered":"Carta del Director General"},"content":{"rendered":"[mk_page_section bg_image=&#8221;http:\/\/barker.edu.ar\/web2\/wp-content\/uploads\/2016\/06\/IMG_5870.jpg&#8221; attachment=&#8221;fixed&#8221; bg_position=&#8221;center center&#8221; bg_stretch=&#8221;true&#8221; min_height=&#8221;250&#8243; full_width=&#8221;true&#8221; padding_top=&#8221;0&#8243; padding_bottom=&#8221;0&#8243; sidebar=&#8221;sidebar-1&#8243; first_page=&#8221;true&#8221; last_page=&#8221;true&#8221;][vc_column][vc_column_text]\n[\/vc_column_text][\/vc_column][\/mk_page_section][mk_page_section bg_position=&#8221;center center&#8221; bg_stretch=&#8221;true&#8221; full_width=&#8221;true&#8221; padding_top=&#8221;50&#8243; padding_bottom=&#8221;0&#8243; sidebar=&#8221;sidebar-1&#8243; first_page=&#8221;true&#8221; last_page=&#8221;true&#8221;][vc_column][vc_column_text align=&#8221;center&#8221; animation=&#8221;fade-in&#8221;]\n<h1 style=\"text-align: center; font-family: esmeraldapro; font-size: 2.8rem; font-weight: 100; color: #000; line-height: 130%; margin-top: 0px;\">CARTA DEL DIRECTOR GENERAL<\/h1>\n[\/vc_column_text][mk_image src=&#8221;http:\/\/barker.edu.ar\/web2\/wp-content\/uploads\/2016\/08\/linea_40x5px.png&#8221; group=&#8221;_general&#8221; align=&#8221;center&#8221; animation=&#8221;left-to-right&#8221; crop=&#8221;false&#8221;][\/vc_column][\/mk_page_section][mk_page_section bg_position=&#8221;center center&#8221; bg_stretch=&#8221;true&#8221; full_width=&#8221;true&#8221; padding_top=&#8221;0&#8243; padding_bottom=&#8221;0&#8243; sidebar=&#8221;sidebar-1&#8243; first_page=&#8221;true&#8221; last_page=&#8221;true&#8221;][vc_column width=&#8221;1\/4&#8243;][vc_column_text]\n[\/vc_column_text][\/vc_column][vc_column width=&#8221;1\/2&#8243;][mk_padding_divider size=&#8221;50&#8243;][vc_column_text]\n<p style=\"text-align: left; font-family: franklinbook; font-size: 1rem; font-weight: 100; color: #d09b2c; line-height: 140%; margin-top: 0px; letter-spacing: 0;\">[tp not_in=&#8221;en&#8221;]Les damos una c\u00e1lida bienvenida a nuestro sitio web. Aqu\u00ed encontrar\u00e1n informaci\u00f3n acerca de\u00a0la historia, el presente y los proyectos de nuestro colegio.[\/tp][tp not_in=&#8221;es&#8221;]Under Construction[\/tp]\n<p style=\"text-align: left; font-family: franklinbook; font-size: 1rem; font-weight: 100; color: #000; line-height: 140%; margin-top: 0px; letter-spacing: 0;\">[tp not_in=&#8221;en&#8221;]En el Colegio Barker, nuestros alumnos participan en experiencias de aprendizaje que les permiten desplegar sus potenciales personales en su m\u00e1xima capacidad\u00a0y las habilidades necesarias para un mundo en constante cambio. Es por ello que les presentamos a nuestros alumnos desaf\u00edos y oportunidades para que disfruten de su aprendizaje y consoliden su crecimiento personal.<\/p>\n<p style=\"text-align: left; font-family: franklinbook; font-size: 1rem; font-weight: 100; color: #000; line-height: 140%; margin-top: 0px; letter-spacing: 0;\">Como comunidad de aprendizaje, nos comprometemos a ser indagadores permanentes y a participar activamente en nuestro propio desarrollo profesional. Es por ello que\u00a0\u00a0los equipos docentes y directivos\u00a0en Barker\u00a0participamos\u00a0en nuestro Plan de Desarrollo Profesional con el fin de reflexionar y mejorar\u00a0nuestras pr\u00e1cticas.<\/p>\n<p style=\"text-align: left; font-family: franklinbook; font-size: 1rem; font-weight: 100; color: #000; line-height: 140%; margin-top: 0px; letter-spacing: 0;\">Asimismo, el acompa\u00f1amiento y la confianza que nuestras familias depositan en nuestros equipos nos permiten\u00a0alcanzar las metas institucionales.<\/p>\n<p style=\"text-align: left; font-family: franklinbook; font-size: 1rem; font-weight: 100; color: #000; line-height: 140%; margin-top: 0px; letter-spacing: 0;\">Todos nuestros logros\u00a0se ven favorecidos, de igual manera, por el entorno seguro que Barker nos ofrece, donde los docentes, el personal no docente y directivos nos esforzamos por\u00a0ser modelos que sostienen los principios de nuestra Misi\u00f3n: responsabilidad, honestidad, compromiso, respeto por la diversidad y la solidaridad.[\/tp][tp not_in=&#8221;es&#8221;][\/tp]\n<p>&nbsp;<\/p>\n<hr \/>\n<p style=\"text-align: right; font-family: franklinbook; font-size: 1rem; font-weight: 100; color: #000; line-height: 140%; margin-top: 20px; letter-spacing: 0;\"><strong>CARLOS A. GONZ\u00c1LEZ<\/strong><br \/>\nDirector General<\/p>\n[\/vc_column_text][mk_padding_divider size=&#8221;50&#8243;][\/vc_column][vc_column width=&#8221;1\/4&#8243;][vc_column_text]\n[\/vc_column_text][\/vc_column][\/mk_page_section][mk_page_section bg_position=&#8221;center center&#8221; bg_stretch=&#8221;true&#8221; full_width=&#8221;true&#8221; padding_top=&#8221;50&#8243; padding_bottom=&#8221;0&#8243; margin_bottom=&#8221;50&#8243; animation=&#8221;fade-in&#8221; sidebar=&#8221;sidebar-1&#8243; first_page=&#8221;true&#8221; last_page=&#8221;true&#8221;][vc_column][mk_clients style=&#8221;column&#8221; column=&#8221;6&#8243; count=&#8221;6&#8243; autoplay=&#8221;false&#8221; margin_bottom=&#8221;50&#8243; clients=&#8221;2323,2315,2331,2335,2319,2327&#8243;][\/vc_column][\/mk_page_section]\n","protected":false},"excerpt":{"rendered":"<p>[mk_page_section bg_image=&#8221;http:\/\/barker.edu.ar\/web2\/wp-content\/uploads\/2016\/06\/IMG_5870.jpg&#8221; attachment=&#8221;fixed&#8221; bg_position=&#8221;center center&#8221; bg_stretch=&#8221;true&#8221; min_height=&#8221;250&#8243; full_width=&#8221;true&#8221; padding_top=&#8221;0&#8243; padding_bottom=&#8221;0&#8243; sidebar=&#8221;sidebar-1&#8243; first_page=&#8221;true&#8221; last_page=&#8221;true&#8221;][vc_column][vc_column_text] [\/vc_column_text][\/vc_column][\/mk_page_section][mk_page_section bg_position=&#8221;center center&#8221; bg_stretch=&#8221;true&#8221; full_width=&#8221;true&#8221; padding_top=&#8221;50&#8243; padding_bottom=&#8221;0&#8243; sidebar=&#8221;sidebar-1&#8243; first_page=&#8221;true&#8221; last_page=&#8221;true&#8221;][vc_column][vc_column_text align=&#8221;center&#8221; animation=&#8221;fade-in&#8221;] CARTA DEL DIRECTOR GENERAL [\/vc_column_text][mk_image src=&#8221;http:\/\/barker.edu.ar\/web2\/wp-content\/uploads\/2016\/08\/linea_40x5px.png&#8221; group=&#8221;_general&#8221; align=&#8221;center&#8221; animation=&#8221;left-to-right&#8221; crop=&#8221;false&#8221;][\/vc_column][\/mk_page_section][mk_page_section bg_position=&#8221;center center&#8221; bg_stretch=&#8221;true&#8221; full_width=&#8221;true&#8221; padding_top=&#8221;0&#8243; padding_bottom=&#8221;0&#8243; sidebar=&#8221;sidebar-1&#8243; first_page=&#8221;true&#8221; last_page=&#8221;true&#8221;][vc_column width=&#8221;1\/4&#8243;][vc_column_text] [\/vc_column_text][\/vc_column][vc_column width=&#8221;1\/2&#8243;][mk_padding_divider size=&#8221;50&#8243;][vc_column_text] [tp not_in=&#8221;en&#8221;]Les damos una c\u00e1lida bienvenida a [&hellip;]<\/p>\n","protected":false},"author":2,"featured_media":0,"parent":0,"menu_order":0,"comment_status":"closed","ping_status":"closed","template":"","meta":{"_links_to":"","_links_to_target":""},"_links":{"self":[{"href":"http:\/\/barker.edu.ar\/web2\/wp-json\/wp\/v2\/pages\/59"}],"collection":[{"href":"http:\/\/barker.edu.ar\/web2\/wp-json\/wp\/v2\/pages"}],"about":[{"href":"http:\/\/barker.edu.ar\/web2\/wp-json\/wp\/v2\/types\/page"}],"author":[{"embeddable":true,"href":"http:\/\/barker.edu.ar\/web2\/wp-json\/wp\/v2\/users\/2"}],"replies":[{"embeddable":true,"href":"http:\/\/barker.edu.ar\/web2\/wp-json\/wp\/v2\/comments?post=59"}],"version-history":[{"count":16,"href":"http:\/\/barker.edu.ar\/web2\/wp-json\/wp\/v2\/pages\/59\/revisions"}],"predecessor-version":[{"id":3148,"href":"http:\/\/barker.edu.ar\/web2\/wp-json\/wp\/v2\/pages\/59\/revisions\/3148"}],"wp:attachment":[{"href":"http:\/\/barker.edu.ar\/web2\/wp-json\/wp\/v2\/media?parent=59"}],"curies":[{"name":"wp","href":"https:\/\/api.w.org\/{rel}","templated":true}]}}

[mk_page_section bg_image=&#8221;http://barker.edu.ar/web2/wp-content/uploads/2016/06/IMG_5870.jpg&#8221; attachment=&#8221;fixed&#8221; bg_position=&#8221;center center&#8221; bg_stretch=&#8221;true&#8221; min_height=&#8221;250&#8243; full_width=&#8221;true&#8221; padding_top=&#8221;0&#8243; padding_bottom=&#8221;0&#8243; sidebar=&#8221;sidebar-1&#8243; first_page=&#8221;true&#8221; last_page=&#8221;true&#8221;][vc_column][vc_column_text]
[/vc_column_text][/vc_column][/mk_page_section][mk_page_section bg_position=&#8221;center center&#8221; bg_stretch=&#8221;true&#8221; full_width=&#8221;true&#8221; padding_top=&#8221;50&#8243; padding_bottom=&#8221;0&#8243; sidebar=&#8221;sidebar-1&#8243; first_page=&#8221;true&#8221; last_page=&#8221;true&#8221;][vc_column][vc_column_text align=&#8221;center&#8221; animation=&#8221;fade-in&#8221;]
<h1 style="text-align: center; font-family: esmeraldapro; font-size: 2.8rem; font-weight: 100; color: #000; line-height: 130%; margin-top: 0px;">CARTA DEL DIRECTOR GENERAL</h1>
[/vc_column_text][mk_image src=&#8221;http://barker.edu.ar/web2/wp-content/uploads/2016/08/linea_40x5px.png&#8221; group=&#8221;_general&#8221; align=&#8221;center&#8221; animation=&#8221;left-to-right&#8221; crop=&#8221;false&#8221;][/vc_column][/mk_page_section][mk_page_section bg_position=&#8221;center center&#8221; bg_stretch=&#8221;true&#8221; full_width=&#8221;true&#8221; padding_top=&#8221;0&#8243; padding_bottom=&#8221;0&#8243; sidebar=&#8221;sidebar-1&#8243; first_page=&#8221;true&#8221; last_page=&#8221;true&#8221;][vc_column width=&#8221;1/4&#8243;][vc_column_text]
[/vc_column_text][/vc_column][vc_column width=&#8221;1/2&#8243;][mk_padding_divider size=&#8221;50&#8243;][vc_column_text]
<p style="text-align: left; font-family: franklinbook; font-size: 1rem; font-weight: 100; color: #d09b2c; line-height: 140%; margin-top: 0px; letter-spacing: 0;">[tp not_in=&#8221;en&#8221;]Les damos una cálida bienvenida a nuestro sitio web. Aquí encontrarán información acerca de la historia, el presente y los proyectos de nuestro colegio.[/tp][tp not_in=&#8221;es&#8221;]Under Construction[/tp]
<p style="text-align: left; font-family: franklinbook; font-size: 1rem; font-weight: 100; color: #000; line-height: 140%; margin-top: 0px; letter-spacing: 0;">[tp not_in=&#8221;en&#8221;]En el Colegio Barker, nuestros alumnos participan en experiencias de aprendizaje que les permiten desplegar sus potenciales personales en su máxima capacidad y las habilidades necesarias para un mundo en constante cambio. Es por ello que les presentamos a nuestros alumnos desafíos y oportunidades para que disfruten de su aprendizaje y consoliden su crecimiento personal.</p>
<p style="text-align: left; font-family: franklinbook; font-size: 1rem; font-weight: 100; color: #000; line-height: 140%; margin-top: 0px; letter-spacing: 0;">Como comunidad de aprendizaje, nos comprometemos a ser indagadores permanentes y a participar activamente en nuestro propio desarrollo profesional. Es por ello que  los equipos docentes y directivos en Barker participamos en nuestro Plan de Desarrollo Profesional con el fin de reflexionar y mejorar nuestras prácticas.</p>
<p style="text-align: left; font-family: franklinbook; font-size: 1rem; font-weight: 100; color: #000; line-height: 140%; margin-top: 0px; letter-spacing: 0;">Asimismo, el acompañamiento y la confianza que nuestras familias depositan en nuestros equipos nos permiten alcanzar las metas institucionales.</p>
<p style="text-align: left; font-family: franklinbook; font-size: 1rem; font-weight: 100; color: #000; line-height: 140%; margin-top: 0px; letter-spacing: 0;">Todos nuestros logros se ven favorecidos, de igual manera, por el entorno seguro que Barker nos ofrece, donde los docentes, el personal no docente y directivos nos esforzamos por ser modelos que sostienen los principios de nuestra Misión: responsabilidad, honestidad, compromiso, respeto por la diversidad y la solidaridad.[/tp][tp not_in=&#8221;es&#8221;][/tp]
<p>&nbsp;</p>
<hr />
<p style="text-align: right; font-family: franklinbook; font-size: 1rem; font-weight: 100; color: #000; line-height: 140%; margin-top: 20px; letter-spacing: 0;"><strong>CARLOS A. GONZÁLEZ</strong><br />
Director General</p>
[/vc_column_text][mk_padding_divider size=&#8221;50&#8243;][/vc_column][vc_column width=&#8221;1/4&#8243;][vc_column_text]
[/vc_column_text][/vc_column][/mk_page_section][mk_page_section bg_position=&#8221;center center&#8221; bg_stretch=&#8221;true&#8221; full_width=&#8221;true&#8221; padding_top=&#8221;50&#8243; padding_bottom=&#8221;0&#8243; margin_bottom=&#8221;50&#8243; animation=&#8221;fade-in&#8221; sidebar=&#8221;sidebar-1&#8243; first_page=&#8221;true&#8221; last_page=&#8221;true&#8221;][vc_column][mk_clients style=&#8221;column&#8221; column=&#8221;6&#8243; count=&#8221;6&#8243; autoplay=&#8221;false&#8221; margin_bottom=&#8221;50&#8243; clients=&#8221;2323,2315,2331,2335,2319,2327&#8243;][/vc_column][/mk_page_section]

<p>[mk_page_section bg_image=&#8221;http://barker.edu.ar/web2/wp-content/uploads/2016/06/IMG_5870.jpg&#8221; attachment=&#8221;fixed&#8221; bg_position=&#8221;center center&#8221; bg_stretch=&#8221;true&#8221; min_height=&#8221;250&#8243; full_width=&#8221;true&#8221; padding_top=&#8221;0&#8243; padding_bottom=&#8221;0&#8243; sidebar=&#8221;sidebar-1&#8243; first_page=&#8221;true&#8221; last_page=&#8221;true&#8221;][vc_column][vc_column_text] [/vc_column_text][/vc_column][/mk_page_section][mk_page_section bg_position=&#8221;center center&#8221; bg_stretch=&#8221;true&#8221; full_width=&#8221;true&#8221; padding_top=&#8221;50&#8243; padding_bottom=&#8221;0&#8243; sidebar=&#8221;sidebar-1&#8243; first_page=&#8221;true&#8221; last_page=&#8221;true&#8221;][vc_column][vc_column_text align=&#8221;center&#8221; animation=&#8221;fade-in&#8221;] CARTA DEL DIRECTOR GENERAL [/vc_column_text][mk_image src=&#8221;http://barker.edu.ar/web2/wp-content/uploads/2016/08/linea_40x5px.png&#8221; group=&#8221;_general&#8221; align=&#8221;center&#8221; animation=&#8221;left-to-right&#8221; crop=&#8221;false&#8221;][/vc_column][/mk_page_section][mk_page_section bg_position=&#8221;center center&#8221; bg_stretch=&#8221;true&#8221; full_width=&#8221;true&#8221; padding_top=&#8221;0&#8243; padding_bottom=&#8221;0&#8243; sidebar=&#8221;sidebar-1&#8243; first_page=&#8221;true&#8221; last_page=&#8221;true&#8221;][vc_column width=&#8221;1/4&#8243;][vc_column_text] [/vc_column_text][/vc_column][vc_column width=&#8221;1/2&#8243;][mk_padding_divider size=&#8221;50&#8243;][vc_column_text] [tp not_in=&#8221;en&#8221;]Les damos una cálida bienvenida a [&hellip;]</p>
