{"id":173,"date":"2016-06-02T04:57:50","date_gmt":"2016-06-02T04:57:50","guid":{"rendered":"http:\/\/barker.edu.ar\/web2\/?page_id=173"},"modified":"2017-04-28T20:28:17","modified_gmt":"2017-04-28T23:28:17","slug":"old-barkonian-association","status":"publish","type":"page","link":"https:\/\/barker.edu.ar\/web2\/old-barkonian-association\/","title":{"rendered":"Old Barkonian Association"},"content":{"rendered":"[mk_page_section bg_position=\u00bbcenter center\u00bb bg_stretch=\u00bbtrue\u00bb full_width=\u00bbtrue\u00bb padding_top=\u00bb50&#8243; padding_bottom=\u00bb0&#8243; sidebar=\u00bbsidebar-1&#8243; first_page=\u00bbtrue\u00bb last_page=\u00bbtrue\u00bb][vc_column][vc_column_text align=\u00bbcenter\u00bb animation=\u00bbfade-in\u00bb el_class=\u00bboba\u00bb]\n<h1 style=\"text-align: center; font-family: esmeraldapro; font-size: 2.8rem; font-weight: 100; color: #000; line-height: 130%; margin-top: 0px; font-variant-ligatures: none;\">OLD BARKONIAN ASSOCIATION<\/h1>\n[\/vc_column_text][mk_image src=\u00bbhttp:\/\/barker.edu.ar\/web2\/wp-content\/uploads\/2016\/08\/linea_40x5px.png\u00bb group=\u00bb_general\u00bb align=\u00bbcenter\u00bb animation=\u00bbleft-to-right\u00bb crop=\u00bbfalse\u00bb][\/vc_column][\/mk_page_section][mk_page_section bg_stretch=\u00bbtrue\u00bb video_loop=\u00bbfalse\u00bb full_width=\u00bbtrue\u00bb padding_top=\u00bb0&#8243; padding_bottom=\u00bb0&#8243; sidebar=\u00bbsidebar-1&#8243; first_page=\u00bbtrue\u00bb last_page=\u00bbtrue\u00bb][vc_column width=\u00bb1\/4&#8243;][\/vc_column][vc_column width=\u00bb1\/2&#8243;][mk_padding_divider size=\u00bb50&#8243;][vc_column_text animation=\u00bbbottom-to-top\u00bb]\n<p style=\"text-align: left; font-family: franklinbook; font-size: 1rem; font-weight: 100; color: #d09b2c; line-height: 140%; margin-top: 0px; letter-spacing: 0;\">La Asociaci\u00f3n de Ex-Alumnos del Colegio Barker (Old Barkonian Association) fue fundada por diez egresadas, en la noche del 30 de junio de 1926, durante una cena que tuvo lugar en el Barker Memorial Hall. Mrs Cleaver, quien fuera la Directora General en aquel entonces, presidi\u00f3 la reuni\u00f3n inaugural y apoy\u00f3 con entusiasmo la iniciativa.<\/p>\n<p style=\"text-align: left; font-family: franklinbook; font-size: 1rem; font-weight: 100; color: #000; line-height: 140%; margin-top: 0px; letter-spacing: 0;\">Muchos a\u00f1os despu\u00e9s, seguimos firmes en nuestro compromiso de sostener los valores de nuestro Alma Mater, Barker College, para nosotros y para las generaciones futuras, aspiramos a fortalecer los lazos entre Old Barkonians, extendiendo dichos valores a la comunidad, con la convicci\u00f3n de que este v\u00ednculo es la columna vertebral de nuestra instituci\u00f3n.<\/p>\n[\/vc_column_text][mk_padding_divider size=\u00bb50&#8243;][\/vc_column][vc_column width=\u00bb1\/4&#8243;][\/vc_column][\/mk_page_section][mk_page_section bg_image=\u00bbhttp:\/\/barker.edu.ar\/web2\/wp-content\/uploads\/2016\/06\/oba_1.png\u00bb attachment=\u00bbfixed\u00bb bg_position=\u00bbcenter center\u00bb bg_stretch=\u00bbtrue\u00bb video_loop=\u00bbfalse\u00bb video_color_mask=\u00bbrgba(0,0,0,0.8)\u00bb min_height=\u00bb300&#8243; full_width=\u00bbtrue\u00bb padding_top=\u00bb0&#8243; padding_bottom=\u00bb0&#8243; sidebar=\u00bbsidebar-1&#8243; first_page=\u00bbtrue\u00bb last_page=\u00bbtrue\u00bb][vc_column][vc_column_text]\n<h1 style=\"text-align: center; font-family: esmeraldapro; font-size: 2.8rem; font-weight: 100; color: #fff; line-height: 130%; margin-top: 70px;\">THE BOOK<\/h1>\n<p style=\"text-align: center; font-family: franklinbook; font-size: 1rem; font-weight: 100; color: #fff; line-height: 140%; margin-top: 30px; margin-bottom: 30px; letter-spacing: 0;\">A HISTORY OF BARKER<\/p>\n<p><center><img src=\"http:\/\/barker.edu.ar\/web2\/wp-content\/uploads\/2016\/08\/linea_40x5px.png\" alt=\"\" \/><\/center>[\/vc_column_text][\/vc_column][\/mk_page_section][mk_page_section bg_position=\u00bbcenter center\u00bb bg_stretch=\u00bbtrue\u00bb video_loop=\u00bbfalse\u00bb full_width=\u00bbtrue\u00bb padding_top=\u00bb50&#8243; padding_bottom=\u00bb50&#8243; sidebar=\u00bbsidebar-1&#8243; first_page=\u00bbtrue\u00bb last_page=\u00bbtrue\u00bb][vc_column][mk_padding_divider size=\u00bb20&#8243;][mk_image src=\u00bbhttp:\/\/barker.edu.ar\/web2\/wp-content\/uploads\/2016\/06\/libro_200px.png\u00bb group=\u00bb_general\u00bb align=\u00bbcenter\u00bb margin_bottom=\u00bb30&#8243; animation=\u00bbleft-to-right\u00bb crop=\u00bbfalse\u00bb][vc_column_text]\n<h1 style=\"text-align: center; font-family: esmeraldapro; font-size: 2rem; font-weight: 100; color: #000; line-height: 130%; margin-top: 0px;\">\u00bfTODAV\u00cdA NO TEN\u00c9S TU EJEMPLAR?<\/h1>\n<p><center><img src=\"http:\/\/barker.edu.ar\/web2\/wp-content\/uploads\/2016\/08\/linea_40x5px.png\" alt=\"\" \/><\/center><\/p>\n<p style=\"text-align: center; font-family: franklinbook; font-size: 1rem; font-weight: 100; color: #000; line-height: 140%; margin-top: 0px; letter-spacing: 0;\">Escribinos a <a href=\"mailto:OBA.oldbarkonian@gmail.com\">OBA.oldbarkonian@gmail.com<\/a><\/p>\n[\/vc_column_text][mk_padding_divider size=\u00bb50&#8243;][\/vc_column][\/mk_page_section][mk_page_section bg_position=\u00bbcenter center\u00bb bg_stretch=\u00bbtrue\u00bb full_width=\u00bbtrue\u00bb padding_top=\u00bb50&#8243; padding_bottom=\u00bb0&#8243; margin_bottom=\u00bb50&#8243; animation=\u00bbfade-in\u00bb sidebar=\u00bbsidebar-1&#8243; first_page=\u00bbtrue\u00bb last_page=\u00bbtrue\u00bb][vc_column][mk_clients style=\u00bbcolumn\u00bb column=\u00bb6&#8243; count=\u00bb6&#8243; margin_bottom=\u00bb50&#8243; clients=\u00bb2323,2315,2331,2335,2319,2327&#8243;][\/vc_column][\/mk_page_section]\n","protected":false},"excerpt":{"rendered":"<p>[mk_page_section bg_position=\u00bbcenter center\u00bb bg_stretch=\u00bbtrue\u00bb full_width=\u00bbtrue\u00bb padding_top=\u00bb50&#8243; padding_bottom=\u00bb0&#8243; sidebar=\u00bbsidebar-1&#8243; first_page=\u00bbtrue\u00bb last_page=\u00bbtrue\u00bb][vc_column][vc_column_text align=\u00bbcenter\u00bb animation=\u00bbfade-in\u00bb el_class=\u00bboba\u00bb] OLD BARKONIAN ASSOCIATION [\/vc_column_text][mk_image src=\u00bbhttp:\/\/barker.edu.ar\/web2\/wp-content\/uploads\/2016\/08\/linea_40x5px.png\u00bb group=\u00bb_general\u00bb align=\u00bbcenter\u00bb animation=\u00bbleft-to-right\u00bb crop=\u00bbfalse\u00bb][\/vc_column][\/mk_page_section][mk_page_section bg_stretch=\u00bbtrue\u00bb video_loop=\u00bbfalse\u00bb full_width=\u00bbtrue\u00bb padding_top=\u00bb0&#8243; padding_bottom=\u00bb0&#8243; sidebar=\u00bbsidebar-1&#8243; first_page=\u00bbtrue\u00bb last_page=\u00bbtrue\u00bb][vc_column width=\u00bb1\/4&#8243;][\/vc_column][vc_column width=\u00bb1\/2&#8243;][mk_padding_divider size=\u00bb50&#8243;][vc_column_text animation=\u00bbbottom-to-top\u00bb] La Asociaci\u00f3n de Ex-Alumnos del Colegio Barker (Old Barkonian Association) fue fundada por diez egresadas, en la noche del 30 de [&hellip;]<\/p>\n","protected":false},"author":2,"featured_media":0,"parent":0,"menu_order":0,"comment_status":"closed","ping_status":"closed","template":"","meta":{"_links_to":"","_links_to_target":""},"_links":{"self":[{"href":"https:\/\/barker.edu.ar\/web2\/wp-json\/wp\/v2\/pages\/173"}],"collection":[{"href":"https:\/\/barker.edu.ar\/web2\/wp-json\/wp\/v2\/pages"}],"about":[{"href":"https:\/\/barker.edu.ar\/web2\/wp-json\/wp\/v2\/types\/page"}],"author":[{"embeddable":true,"href":"https:\/\/barker.edu.ar\/web2\/wp-json\/wp\/v2\/users\/2"}],"replies":[{"embeddable":true,"href":"https:\/\/barker.edu.ar\/web2\/wp-json\/wp\/v2\/comments?post=173"}],"version-history":[{"count":21,"href":"https:\/\/barker.edu.ar\/web2\/wp-json\/wp\/v2\/pages\/173\/revisions"}],"predecessor-version":[{"id":3428,"href":"https:\/\/barker.edu.ar\/web2\/wp-json\/wp\/v2\/pages\/173\/revisions\/3428"}],"wp:attachment":[{"href":"https:\/\/barker.edu.ar\/web2\/wp-json\/wp\/v2\/media?parent=173"}],"curies":[{"name":"wp","href":"https:\/\/api.w.org\/{rel}","templated":true}]}}